 (-1 - -4)/(18/60). Let o(c) = 3*c + 4. Let g be o(t). Suppose 84 - g = r. What is the tens digit of r?
5
What is the hundreds digit of (1 + -2 + 3)*(-1226)/(-4)?
6
Let u(n) = 216*n + 1. Let a be u(1). Suppose -9 = 4*j - a. What is the tens digit of j?
5
Let a be 3700/75*(-6)/(-8)*2. Suppose -75*l = -a*l - 108. What is the tens digit of l?
0
Let t = -195 - -233. What is the units digit of t?
8
Suppose -8*y + 4339 = -22525. What is the tens digit of y?
5
Suppose -3*s = i + 12, 6*i - 2*s - 19 = 3*i. Suppose -i*c = -b - 392, -3*b + b + 386 = 3*c. What is the hundreds digit of c?
1
Let a(x) = 3*x + 6. Suppose 6*k - 2*k = 60. Let u be a(k). Let b = u - 24. What is the tens digit of b?
2
Suppose -23*o = -60*o + 37592. What is the thousands digit of o?
1
Suppose 11*p - 2841 = 1845. What is the units digit of p?
6
Suppose 6*a = 8*a - 8. Suppose 6*c = c + 2*n - 35, -7 = c - a*n. What is the tens digit of 4/(-14) + (-394)/c?
5
Let c = 9 - -14. Let i = c + -22. What is the units digit of i/1*13/1?
3
Let i = -27 + 34. What is the units digit of ((-26)/(-8))/(i/252) - 1?
6
Let l(w) = 4*w + 4. Let d be l(-4). Let v be d/(-2) - (-9)/(-3). What is the units digit of 980/21 - (-1)/v?
7
Let s be (12/(-7))/(6/(-21)). Suppose 0 = 3*n - 4*x + s, -3*n = 2*x - 4*x. What is the units digit of -6*n/4 + 7?
4
Let n = 3638 - 750. What is the units digit of n?
8
Suppose -3*l - 16 = -2*o, -2*l = o + 1 - 2. Suppose o*x - 4*x - 261 = 0. What is the tens digit of x?
6
Let f(o) = 91*o**2 - 2*o + 30. What is the hundreds digit of f(3)?
8
Let x be ((-1)/(-5))/((-9)/(-90)). Suppose -108 = -c - 3*i, -x*c - 4*i + 220 = -0*c. What is the hundreds digit of c?
1
Suppose o - 11 - 57 = 4*n, 2*n - 4*o = -48. Let t be 2 + -1 - n/8. Suppose 0 = 3*z + 2*c - 48, -t*z - z + 69 = c. What is the tens digit of z?
1
Suppose -w + 1379 = 5*c, -3*c + 594 = -2*w - 236. What is the hundreds digit of c?
2
Let a(b) = 4*b**2 + 70*b + 89. What is the hundreds digit of a(-30)?
5
Suppose -4*b + 33 = 2*h - 231, h - 127 = -b. Let g = 211 - h. What is the tens digit of g?
8
Suppose -1091 = -11*m + 1593. What is the units digit of m?
4
Let c = 5125 + -857. What is the hundreds digit of c?
2
What is the tens digit of ((-410)/(-90)*15)/((-2)/(-6))?
0
Suppose 8779 + 4693 = 16*i. What is the hundreds digit of i?
8
Suppose -2*k - 33 = -39. Suppose 5 + 4 = 3*n. Suppose -j + 2*d + 69 = 0, k*j - n*d + 59 - 254 = 0. What is the units digit of j?
1
Let x = -162 + 453. What is the units digit of x?
1
Let a = 8210 - 3814. What is the units digit of a?
6
Let l be ((-8)/(-6))/(-5*2/165). Let a = 26 - l. What is the tens digit of a?
4
Let z(h) = 5*h**2 - 11*h + 14. Let q(f) = -16*f**2 + 32*f - 42. Let p(d) = -6*q(d) - 17*z(d). What is the tens digit of p(4)?
7
Let i(k) = k**2 - k + 7. Let u(g) = g**2 + 9*g + 3. Let s(b) = b - 8. Let y be s(0). Let j be u(y). What is the tens digit of i(j)?
3
Suppose -2*y + 85 + 115 = 4*f, -f = -3*y - 36. Let w be 1/(-4) - 948/f. What is the tens digit of (16/w)/((-2)/50)?
2
Let j(y) be the second derivative of y**3/3 + 179*y**2/2 + 25*y. What is the units digit of j(0)?
9
Let c(u) = -u**2 - 10*u. Let p be c(-10). Suppose 5*v + p*v - 420 = 0. Suppose x = 4*x - v. What is the units digit of x?
8
Let o(i) = 12*i**2 - i + 21. What is the hundreds digit of o(6)?
4
Let c = 18 - 14. Suppose l - 11 - c = 0. What is the tens digit of (3 - 3) + (l - 0)?
1
What is the tens digit of (1086/(9/(-3)))/((-2)/1)?
8
Let b be 6*(7/3 + -2). Suppose 5*f = p + b*f - 211, -f + 408 = 2*p. Suppose t + 3*i = 70, p = t + 3*t - 3*i. What is the tens digit of t?
5
Let m(f) = -39*f**3 + 9*f**2 + 20*f + 2. What is the tens digit of m(-4)?
6
Let f(j) = 2*j - 17. Let b be f(10). Suppose -5*k + 499 = -n - 10, -3*k - b*n = -309. What is the units digit of k?
2
Suppose -30 = r - 5*c, 4*r - 4*c = -2*c - 48. Let p = -1 - r. Suppose j - 4 = p. What is the tens digit of j?
1
Let c be 2*15/(-6)*1. What is the hundreds digit of c/(-60)*3 - (-475)/4?
1
Let b(p) = -p. Let v be b(-8). Suppose -2*s + 2*f - 1 = 1, 5*f - 17 = s. Suppose s*q = -2*t + v, 3*t - 52 = 4*q - 6. What is the units digit of t?
0
Let j = 288 - 282. What is the units digit of j?
6
Let f(n) be the third derivative of n**5/20 + n**4/12 - 5*n**3/6 + 10*n**2. What is the units digit of f(6)?
5
Let o be 514/30 + (-12)/90. Suppose 4 = -m + j - o, 0 = -4*j + 8. Let l = 27 + m. What is the units digit of l?
8
Let l(a) = 5*a + 4. Let w(m) = -6*m - 3. Let h(t) = 5*l(t) + 4*w(t). Let c be h(-5). Suppose 5*k + o - 41 = k, -3*o + c = 0. What is the units digit of k?
0
Let n(l) = -6*l. Let p be n(1). Suppose 25 + 33 = 2*h. Let b = p + h. What is the units digit of b?
3
What is the units digit of (0 - 100)*((-120)/(-32) + -4)?
5
Suppose 204*s - 22275 = 195*s. What is the tens digit of s?
7
Let j = 3174 + -2209. What is the hundreds digit of j?
9
Suppose 767 = 4*q + 4*i - 125, 3*i + 15 = 0. What is the tens digit of q?
2
Let n(s) = 2*s**3 - 3*s**2 + 2*s - 4. Let x be n(4). Suppose -3*i + i = 92. Let z = i + x. What is the tens digit of z?
3
What is the tens digit of -8590*(-3)/10*2/6?
5
Let w(p) = -6*p**3 - p**3 + 4*p**2 + 5*p + 10*p**3 - 5*p**3 + 13. What is the tens digit of w(-3)?
8
Let q = 380 - -95. What is the tens digit of q?
7
Let a = 35 - 27. Let k = a - -1. What is the units digit of k?
9
Let q(f) = 3*f**2 - 9*f. Let b be q(3). Suppose -5*x + 143 + 332 = b. What is the units digit of x?
5
Let i(n) = -3*n - 1. Let a be i(-4). Let k = -78 - 512. What is the units digit of 2/a - k/22?
7
Suppose -4 = 3*k - 2*k. Let l be ((-6)/k)/(2/4). Suppose n + 4*u - 3 = 3*u, l*n + u - 13 = 0. What is the units digit of n?
5
Let f(a) = 20*a + 44. Let i(y) = 40*y + 87. Let z(b) = 5*f(b) - 3*i(b). What is the tens digit of z(-14)?
3
Let t(k) = 695*k - 72. What is the tens digit of t(5)?
0
Let z(q) = -q**2 - 15*q - 10. Let g be z(-11). Let i = g + 60. What is the units digit of i?
4
Let s = 272 + -166. Suppose -2*k + s = -k. Let x = k + -59. What is the units digit of x?
7
Suppose -5*b + 1101 - 45 = r, b = -5*r + 216. What is the tens digit of b?
1
Suppose 0*i + 4*i = 92. Let r = -12 + i. Let y = r + 21. What is the units digit of y?
2
Let g be ((-4)/(-6))/((-4)/(-42)). Let y = g + -12. What is the tens digit of 195/y*4/(-6)?
2
Let j be 5 + (32/(-4))/4. Let k(a) = -6*a**2 + a + 4*a**3 - a**j + 5*a**3 + 5 - 7*a**3. What is the units digit of k(6)?
1
What is the hundreds digit of ((-60)/50)/((-3)/1120)?
4
Let x be (-22)/8 - 3/(-4). Let i be (-2814)/(-35)*(-5)/x. Suppose 0 = 4*q - 5*c - i, -4*q = 5*c - 156 - 35. What is the units digit of q?
9
Let a be (12/8 - 2)/(1/(-10)). Suppose 2*r - a*x - 526 = 132, -318 = -r - 3*x. What is the hundreds digit of r?
3
Suppose j + h = 28 + 74, 5*j - 512 = -3*h. What is the units digit of j?
3
Suppose v - 4*v + 17 = c, -5*v + 3*c + 19 = 0. Suppose -v*x + 230 = -0*x + 5*b, 3*b + 6 = 0. Let g = 67 - x. What is the units digit of g?
9
Let z = 207 - 191. What is the units digit of z?
6
Let p be ((-162)/15)/(0 - (-15)/(-50)). Suppose -p*u = -38*u + 504. What is the tens digit of u?
5
Let d(n) = -5*n - 7. Let p(j) = -6*j - 7. Suppose 4*k - 10 = 9*k. Let w(s) = k*p(s) + 3*d(s). What is the tens digit of w(-9)?
2
Suppose -7*s + 14832 = 5*s. What is the thousands digit of s?
1
Suppose -5*a - 5*r - 275 + 2245 = 0, -1186 = -3*a - r. What is the tens digit of a?
9
Suppose 25 - 64 = -3*g. Let v = g - 7. Let j(c) = -c**3 + 7*c**2 - 5*c + 4. What is the units digit of j(v)?
0
Suppose 5*n + 7625 = 5*i, 0 = -2*i + 4*i + 2*n - 3070. What is the units digit of i?
0
Let i = 52 + -28. Let m = i + 12. Suppose m = 6*u - 3*u. What is the tens digit of u?
1
Let z(c) = -17*c**2 + 1. Let f be z(1). Let v = f - -18. Suppose 70 = v*j + 3*j. What is the units digit of j?
4
Let p(i) = 12*i**2 + 6*i + 3. What is the tens digit of p(-5)?
7
Suppose 5*f = -2*v + 3849, 1 + 2 = 3*f. What is the hundreds digit of v?
9
Let u be (-2)/(-2)*(-1 + 1). Suppose 3*r = w, -r = 5*w - u*r. Suppose 4*q = -5*p - w*p + 55, p = -5*q + 11. What is the tens digit of p?
1
Let m(p) be the third derivative of p**5/60 + 5*p**4/12 + 9*p**3/2 - 10*p**2. What is the units digit of m(-12)?
1
Suppose 24437 = 6*m - 421. What is the tens digit of m?
4
Suppose -5*m - 111 = -4*o, -5*o + 0*o + 18 = -m. Let z = 28 + m. Suppo